
What is the value of 8 + (-14 - (-4 + -2)) + 6 - -12?
18
What is the value of -219 - -234 - (14 + (-3 - -4))?
0
What is the value of 8 + 6 + -1 + 0 - (5 + -6)?
14
Calculate (-8 - ((0 - -3) + -15)) + -6.
-2
Calculate (-6 - -2) + 13 - -2 - 5.
6
Calculate 4 - (-6 + 11) - -18.
17
What is the value of -4 + (10 - 15 - -4)?
-5
What is -112 + 126 + (0 - 0) - (-1 - 2)?
17
What is the value of 5 + -2 + -1 + 7 - (-18 + 9)?
18
Calculate -8 - (4 + -5 + 3 - 1).
-9
Calculate 1 + -2 + 5 - (-4 + -7 + 28).
-13
Evaluate 2 + -26 + -5 + 12 + 7.
-10
3 - (5 + 2) - (-54 - -28)
22
What is the value of 1 - 4 - 10 - -5?
-8
What is the value of 16 + (46 - 22) + -57?
-17
What is the value of -5 + (-18 - -26) + (13 - 2)?
14
Evaluate -7 - (-2 - -14 - (-2 + -4)) - -7.
-18
What is the value of -1 + 3 - (13 - (35 - 21)) - 2?
1
What is the value of (13 + -5 - -1) + 14 + -4?
19
What is the value of -20 - -5 - (-10 + 7 - -18)?
-30
What is the value of (0 + -2 - 3 - -4) + -2 + 12?
9
What is the value of 17 + -14 + 13 - 15?
1
What is (-7 - 2 - -10) + 17 + 2 + 10?
30
(0 - -24) + -37 + -8 + 19
-2
Evaluate 730 - 703 - (0 - -13).
14
-15 - (25 - 30) - (6 + -1)
-15
Evaluate (-14 - -15 - 9) + 9.
1
Evaluate -2 + 3 - (-14 - (-23 - -7)).
-1
What is the value of 5 + 8 + (29 - (-17 + 42))?
17
Calculate -25 + (19 - -12) - 32.
-26
Calculate 43 + -43 + 3 + -6 + 2.
-1
Calculate 19 - (42 - 13 - 22).
12
Calculate -22 + (24 - (-6 - 3)).
11
What is (15 + -28 - -3) + 15?
5
-40 - (31 - (48 + -13))
-36
-12 + (-10 - -22) + -5 - (5 - -1)
-11
What is the value of -8 + 2 + -37 + 23?
-20
Calculate 6 - (7 - (-11 - -16) - 4).
8
-29 + (6 - -36) + -6
7
What is the value of -21 + 39 + -30 + 1 + -1?
-12
Evaluate -2 + 15 - (-14 - (7 - 20)).
14
(-5 + -1 + 6 + 11 - -4) + -5
10
-27 + (0 - -1 - -10)
-16
Calculate (16 + -5 + -13 - 19) + 8.
-13
-17 + (0 + -6 - -28)
5
-1 + 11 + -13 - (8 - -3)
-14
-15 - -20 - (-1 + -8 - -3)
11
Evaluate 3 - (-1 + -6 + (-15 - (-12 + -11))).
2
Calculate 8 - (8 + 14 + -18 - (4 - 0)).
8
Calculate 16 + -12 + 4 + -19.
-11
What is the value of -1 + (22 - 7) - 28?
-14
What is -23 + (2 - 3) + 4 + -2 + 4?
-18
What is the value of (-4 + -17 - -47) + -17?
9
(-1 - 7) + (-9 - (-13 - -4))
-8
Evaluate (-47 - -20) + 29 + -8.
-6
Calculate 8 + (-10 - -8 - 5) + (1 - -3).
5
What is the value of -16 - (5 + -11 - 4)?
-6
Calculate (103 - 89) + 1 + 0.
15
What is the value of (1 - (0 + 0)) + -25 + 23 + -21?
-22
3 + (0 - -6) + -22 + 53 + -18
22
What is the value of -19 - -17 - (9 - 9)?
-2
What is the value of 7 + (4 + -6 - -7)?
12
What is 23 - (32 - 0) - -17?
8
(-4 - (-5 + -3)) + 19 - (-4 - 4)
31
Calculate -2 + (-12 - -36) - 11.
11
Calculate 1 + (15 - -1) + -13 + 17.
21
Evaluate (19 - 27) + (-9 - (2 - 5)).
-14
Evaluate 4 - -4 - (11 + -1 + 3 + -12).
7
What is the value of 14 + (-5 - -7) + -18 - 3?
-5
Calculate 17 + 21 + -17 - 23.
-2
What is -1413 + 1404 - (13 + 0)?
-22
What is the value of (-40 - (8 - (0 + 11))) + 1?
-36
What is (3 - -7) + -1 - 17?
-8
12 + -8 + -5 - (13 - (-1 + 0))
-15
What is -5 - (-11 + 20 + -12 + 11)?
-13
Calculate -17 - (11 - (-6 + (12 - 4)) - 12).
-14
Calculate -39 + 3 + -14 + 15 + (1 - -9).
-25
What is -68 + 71 - (2 - -2)?
-1
Evaluate 7 + -28 + 12 + 4.
-5
What is the value of -93 + 113 - (1 - -20)?
-1
-1 - (-6 + (4 - (1 + -5)))
-3
Evaluate 12 - (5 - 18 - -18).
7
Evaluate 11 - (6 + -8 + -5).
18
Evaluate 18 + -45 - -19 - 22.
-30
Evaluate -1 - (8 + (-3 - -5 - 8)).
-3
What is the value of 27 - (-19 - -25 - 2)?
23
Evaluate -7 + (10 + (8 + -9 - 7) - -16).
11
What is the value of -12 - (6 + (13 - 15))?
-16
(24 - 12) + (-7 - 9) - (-18 - 1)
15
(21 - -2 - -2) + (-17 - -18)
26
What is the value of -72 + 48 + -9 + 15?
-18
What is (-132 - -120) + (1 + -2 - -3)?
-10
Calculate -12 + (10 - (9 - -6)) + -1 + -9.
-27
What is (2 - -11) + -9 + (3 - (3 + -3))?
7
What is the value of -22 - -48 - 28 - (15 + 3 + -1)?
-19
Calculate (1 - 0) + -1 - (-249 - -253) - 3.
-7
What is 23 - ((-4 - (-10 - 4)) + 1)?
12
Evaluate (-7 + 11 - -1) + 0 + (3 - 2).
6
What is (-2 + 7 - 8) + -6 + -5?
-14
Calculate 5 + -15 - (-8 + 0 - -7).
-9
What is -2 + 8 - 17 - (15 + -41 + -2)?
17
-148 - -153 - (11 - 1)
-5
What is the value of -5 - ((-3 - (-11 + 15)) + 9 + 2)?
-9
What is the value of 3 + -3 + -5 + (-22 - -26)?
-1
What is 35 + (-10 - 14) - 17?
-6
Evaluate -33 + (20 - 0) + 1 + 15.
3
What is 4 + 6 + -11 + 6 + 9?
14
What is the value of 3 + (-2 - 10) + 6 + -14 + 6?
-11
Calculate -20 + (6 - (12 + (13 - 21))).
-18
What is the value of -59 - ((39 - 76) + 5)?
-27
Evaluate (-7 - (-3 - (10 + -11))) + 1.
-4
What is 9 - (18 + 11 + -1 + -7)?
-12
Calculate 81 + -96 + (19 - -1).
5
What is the value of (-21 - 1) + (32 - 25) + 3?
-12
What is the value of (-51 - -41) + (9 - -3) - (2 - -14)?
-14
What is 3 - ((6 - 0) + (5 - 6) + -10)?
8
What is -1 + 18 - (-8 + 24)?
1
Calculate (4 - 0 - 8) + (56 - 60) - -4.
-4
What is the value of 14 + -24 + 3 + (2 - 0)?
-5
-19 - -43 - 9 - 15
0
What is 9 + (1 - -4 - (0 + 12)) - 1?
1
What is the value of -25 + (11 + 1 + -7 - -1) - -6?
-13
What is the value of (6 - 3) + 10 - 18?
-5
What is 33 + 0 + 7 + -10?
30
0 + -7 + (0 - -2 - 7)
-12
Calculate -31 - (32 + 34 + -102).
5
What is the value of 11 + 16 + -15 - 1?
11
What is the value of 3 + (-2 - (7 + -4) - 1)?
-3
12 - (20 + -6 + -9)
7
3 + (26 - 7) - (11 + -1)
12
Calculate 1 - 0 - ((-14 - -27) + -16).
4
Calculate -4 - (-1 + 2 + (-1 - (-11 - -7))).
-8
What is -3 + -2 - (-63 + 34) - 6?
18
6 - (9 + -4) - -2
3
What is -10 + (8 - (-16 + 13))?
1
Evaluate -2 + -2 - -12 - (-25 + 43 + -17).
7
(-28 - -25 - -4 - (3 - -1)) + 14
11
What is the value of -18 - (17 + -4 - 29)?
-2
What is 1 + -34 + (18 - 12)?
-27
Calculate -5 - (12 - (-11 - 0 - -20)).
-8
Calculate 5 + -5 - 3 - (26 - 33) - -21.
25
-4 - (-5 + -5 + 5 + 12 + -6)
-5
Evaluate -6 + (1 - 1) + (42 - 41) + 6.
1
What is the value of 3 + 6 + 0 + -3 + -9 + -6?
-9
What is the value of -965 + 978 - (1 + -1 + 25)?
-12
(-13 + -7 + 6 - -5 - -11) + 5
7
Evaluate 3 - -8 - -2 - 7.
6
What is the value of 1 + -3 + -3 + -1 + -1 + 11?
4
What is the value of (-16 - 24 - -20) + (-1 - -13)?
-8
16 - 1 - (0 - -1 - (169 + -168))
15
What is the value of 340 + -334 + -30 + 1?
-23
-13 - -21 - 23 - -20 - (1 + -7)
11
What is (-1 + 0 - 13) + (20 - 18) + -5?
-17
Calculate (-19 - (8 - (-3 - -8))) + (7 - 1).
-16
What is -12 + 3 + -1 + (224 - 230)?
-16
What is -6 - (-11 + 6 + (1 - -4) + -12)?
6
Calculate 15 - (-5 - (-13 - -1)).
8
-1 + 0 + 12 + -11 + (37 - 67)
-30
What is the value of 0 + (2 - 14 - 0) + 2 + 1?
-9
Evaluate -13 + (25 + 20 - 19).
13
What is the value of 0 + 3 - (-776 + 757)?
22
Calculate 2 + 4 + (98 - 109) + 1 + 2.
-2
(728 - 710) + -1 + -6
11
What is 50 + -58 - (-13 + -2)?
7
What is the value of 2 + -12 + 15 + 6?
11
(8 - (6 - 4)) + (-2 - (5 + -7))
6
Evaluate 1 + 2 + -19 - (-208 - -214).
-22
What is the value of 0 - (2 - ((-4 - 7) + 15))?
2
What is -114 - -124 - (2 - -10)?
-2
0 + -1 + 9 + (-31 - -25)
2
What is the value of 31 - 18 - (-11 - -11)?
13
What is -1 - -6 - (14 - 4 - (25 + -10))?
10
Calculate 8 + -11 + -8 - -26.
15
What is the value of -12 - ((-34 - -36) + (-9 - -1)) - -16?
10
What is the value of (-7 - 23) + 57 - 38?
-11
What is -4 + (2 - 2) - (244 + -250)?
2
Calculate -1 + -2 - (79 - 86 - (-1 - 9)).
-6
What is -3 - (-6 + 2 + (7 - 4) - -5)?
-7
1 + 0 + 3 + (-7 - -4)
1
Evaluate 34 - (18 - 5 - -3).
18
(-1 + -2 + -3 - -5) + 24 + -37
-14
What is the value of 1 + 15 + (-6 - (1 + -4)) + 9?
22
What is the value of 10 - 5 - (-6 + (0 - (-3 - -16)))?
24
Calculate -8 + 4 + (-6 - (5 + -8)).
-7
Evaluate -6 - -16 - (5 - 2) - 19.
-12
(300 - 305) + (-2 - 0 - (-32 - -6))
19
What is 1 + -3 - (14 - (27 - 21 - -15))?
5
Calculate (2 - 3) + (64 - 65).
-2
-6 + (5 - (11 - 9)) + -13
-16
What is (5 - 3) + 11 - 2?
11
What is 0 - 2 - (-44 - -54 - (0 - 3))?
-15
(57 - 82) + (-1 - -11)
-15
What is ((1 - -2) + -1 - 2) + (150 - 150)?
0
1 + 0 + 2 + (-33 + -4 - -6)
-28
Evaluate -17 - (1 + 8 + -14 - (-1 - -2)).
-11
What is the value of (-4 - (-14 + -4 + 5) - 17) + 9?
1
13 + 3 + -2 + 7 + (-14 - -5)
12
What is -6 - (1 + (-8 - -7) + 3)?
-9
(17 - 19) + 27 - 7
18
What is the value of (22 + -5 - 23) + -2 + 2 + 4?
-2
Evaluate -19 + 22 + (-19 - -30).
14
What is the value of 15 - 3 - -8 - 5 - 11?
4
What is the value of 1 + (-7 - -21 - 1)?
14
What is 16 - (3 + -8 + (-9 - (-19 + -2)))?
9
Calcul